rue
Does 59 divide 5140080?
True
Is 313 a factor of 208175?
False
Is 86 a factor of 25953960?
False
Is 15 a factor of 656955?
True
Is 3 a factor of 14778?
True
Does 117 divide 21555?
False
Does 27 divide 3466152?
True
Does 237 divide 8509011?
True
Is 108 a factor of 7049768?
False
Does 687 divide 1032561?
True
Is 84 a factor of 6416844?
True
Does 32 divide 182088?
False
Is 119280 a multiple of 105?
True
Does 81 divide 68364?
True
Is 119 a factor of 16665236?
True
Is 300 a factor of 2574000?
True
Is 31 a factor of 997921?
True
Does 58 divide 11391548?
True
Does 197 divide 3184111?
True
Is 2989751 a multiple of 157?
True
Does 13 divide 154362?
True
Does 18 divide 169048?
False
Is 76 a factor of 2740332?
True
Is 117 a factor of 2469846?
False
Is 10 a factor of 1043090?
True
Does 38 divide 6803119?
False
Does 160 divide 137600?
True
Does 18 divide 1228014?
True
Is 19 a factor of 14402?
True
Does 258 divide 5097378?
False
Is 21 a factor of 880152?
True
Is 47124 a multiple of 11?
True
Is 4 a factor of 2180?
True
Does 17 divide 808043?
False
Is 29414 a multiple of 22?
True
Is 797 a factor of 1312117?
False
Is 41 a factor of 112866?
False
Is 1219611 a multiple of 219?
True
Is 1351 a factor of 1937812?
False
Is 425 a factor of 89755?
False
Is 131 a factor of 147456?
False
Does 73 divide 322003?
True
Is 292410 a multiple of 135?
True
Is 339770 a multiple of 122?
True
Does 383 divide 922403?
False
Does 260 divide 18021948?
False
Is 334 a factor of 731621?
False
Is 173 a factor of 352920?
True
Is 230 a factor of 20004522?
False
Is 19189213 a multiple of 1594?
False
Is 43 a factor of 835839?
False
Is 33 a factor of 69234?
True
Does 45 divide 113670?
True
Does 192 divide 306387?
False
Is 404865 a multiple of 45?
True
Is 1739141 a multiple of 75?
False
Is 876158 a multiple of 3?
False
Is 1490604 a multiple of 51?
False
Is 33155 a multiple of 56?
False
Is 241437 a multiple of 336?
False
Is 4367284 a multiple of 118?
False
Does 206 divide 1567660?
True
Does 66 divide 18942?
True
Is 377146 a multiple of 19?
False
Is 46 a factor of 4048276?
True
Is 32573521 a multiple of 16?
False
Is 132418 a multiple of 22?
True
Is 568 a factor of 19914080?
True
Is 849355 a multiple of 335?
False
Is 1468680 a multiple of 12?
True
Is 38 a factor of 350839?
False
Does 450 divide 1471390?
False
Does 551 divide 691666?
False
Is 319248 a multiple of 9?
True
Does 1161 divide 1770163?
False
Is 57008 a multiple of 12?
False
Does 3 divide 75501?
True
Does 906 divide 15163722?
True
Is 15 a factor of 695865?
True
Is 21715 a multiple of 18?
False
Is 311 a factor of 88946?
True
Is 159651 a multiple of 81?
True
Is 56 a factor of 91056?
True
Is 4706 a multiple of 14?
False
Does 75 divide 3434861?
False
Is 40127 a multiple of 14?
False
Is 227373 a multiple of 4?
False
Is 2382 a factor of 17236447?
False
Is 28 a factor of 304242?
False
Is 327 a factor of 1964557?
False
Does 114 divide 6666150?
True
Is 24 a factor of 740534?
False
Is 41 a factor of 259896?
False
Does 4 divide 1072524?
True
Is 40664 a multiple of 184?
True
Does 146 divide 127268?
False
Does 260 divide 239460?
True
Is 45 a factor of 454095?
True
Does 354 divide 76846?
False
Is 4612839 a multiple of 231?
True
Is 162 a factor of 904932?
True
Is 172512 a multiple of 21?
False
Is 18018 a multiple of 462?
True
Is 303 a factor of 3141185?
False
Is 65 a factor of 43659?
False
Does 20 divide 6860785?
False
Is 4394026 a multiple of 6?
False
Is 11 a factor of 11110?
True
Is 135 a factor of 185490?
True
Is 101 a factor of 920918?
True
Is 12 a factor of 905856?
True
Does 112 divide 445584?
False
Is 188 a factor of 3153909?
False
Does 36 divide 2794148?
False
Is 19 a factor of 100263?
True
Is 708928 a multiple of 38?
True
Does 10 divide 2719132?
False
Does 109 divide 69869?
True
Is 238 a factor of 113193?
False
Does 24 divide 459384?
True
Is 578 a factor of 108245?
False
Is 8286410 a multiple of 55?
True
Does 378 divide 323946?
True
Is 19 a factor of 201355?
False
Does 18 divide 426330?
True
Does 22 divide 328746?
True
Is 245016 a multiple of 241?
False
Does 8 divide 94040?
True
Does 29 divide 1807990?
False
Does 15 divide 736613?
False
Is 10 a factor of 22786?
False
Is 4 a factor of 63096?
True
Is 6 a factor of 5116073?
False
Is 136577 a multiple of 763?
True
Is 20 a factor of 210740?
True
Is 325 a factor of 184991?
False
Is 23 a factor of 288694?
False
Is 137 a factor of 680205?
True
Is 38 a factor of 622454?
False
Is 474 a factor of 34614?
False
Does 30 divide 839220?
True
Does 145 divide 2466450?
True
Is 2349360 a multiple of 4?
True
Is 28 a factor of 33099?
False
Does 23 divide 368343?
False
Does 13 divide 221702?
True
Is 26 a factor of 1621022?
True
Is 2614260 a multiple of 187?
True
Is 1658372 a multiple of 221?
False
Is 32 a factor of 77952?
True
Is 105 a factor of 6381027?
False
Is 139 a factor of 1251?
True
Is 20 a factor of 5698?
False
Is 490778 a multiple of 136?
False
Does 9 divide 246675?
False
Does 81 divide 317034?
True
Does 34 divide 93204?
False
Is 31697 a multiple of 3?
False
Does 64 divide 341013?
False
Does 49 divide 261562?
True
Does 496 divide 1393264?
True
Is 483 a factor of 10143?
True
Is 6 a factor of 136505?
False
Is 34 a factor of 304731?
False
Does 39 divide 64779?
True
Is 14368986 a multiple of 195?
False
Is 68 a factor of 242189?
False
Does 836 divide 11370436?
True
Does 185 divide 140432?
False
Is 888874 a multiple of 34?
False
Is 4 a factor of 94992?
True
Is 3856050 a multiple of 410?
True
Does 378 divide 8275437?
False
Is 617 a factor of 180164?
True
Is 791190 a multiple of 3?
True
Is 23 a factor of 403213?
True
Does 127 divide 8327009?
True
Is 673011 a multiple of 674?
False
Is 19052334 a multiple of 14?
True
Is 30576 a multiple of 6?
True
Is 75 a factor of 221475?
True
Does 16 divide 135553?
False
Does 52 divide 27267?
False
Is 37 a factor of 971281?
False
Does 51 divide 190832?
False
Does 633 divide 454958?
False
Is 71822 a multiple of 18?
False
Is 121652 a multiple of 5?
False
Is 746731 a multiple of 13?
False
Is 70 a factor of 109340?
True
Does 522 divide 215720?
False
Is 88 a factor of 145992?
True
Does 115 divide 41353?
False
Does 62 divide 1389544?
True
Is 3579162 a multiple of 6?
True
Is 1455144 a multiple of 84?
False
Is 68 a factor of 3055282?
False
Is 66675 a multiple of 127?
True
Is 18053100 a multiple of 30?
True
Is 993670 even?
True
Is 946030 a multiple of 20?
False
Is 2274534 a multiple of 27?
True
Is 260 a factor of 118003?
False
Is 12 a factor of 1175334?
False
Does 205 divide 9976940?
True
Does 302 divide 1082340?
False
Does 2 divide 415730?
True
Is 16376 a multiple of 92?
True
Does 172 divide 178192?
True
Does 176 divide 1440912?
True
Is 40 a factor of 8084288?
False
Is 14 a factor of 51701?
False
Is 3327855 a multiple of 15?
True
Does 105 divide 8322078?
False
Is 10 a factor of 15730740?
True
Is 107844 a multiple of 12?
True
Is 660008 a multiple of 46?
True
Is 836796 a multiple of 137?
True
Is 250 a factor of 38000?
True
Is 500945 a multiple of 380?
False
Is 41 a factor of 703042?
False
Is 9 a factor of 367101?
True
Is 48527 a multiple of 9?
False
Is 3 a factor of 55432?
False
Is 182 a factor of 4648644?
True
Is 99 a factor of 14996916?
True
Does 330 divide 299640?
True
Is 379074 a multiple of 6?
True
Does 12 divide 14984440?
False
Is 455158 a multiple of 11?
True
Is 13 a factor of 5243158?
False
Is 138 a factor of 1271532?
True
Is 53 a factor of 534734?
False
Is 10 a factor of 912658?
False
Does 26 divide 715156?
True
Is 10 a factor of 1279316?
False
Does 479 divide 968604?
False
Does 3 divide 17994?
True
Is 1981397 a multiple of 6?
False
Does 93 divide 2477985?
True
Is 123430 a multiple of 2?
True
Is 344871 a multiple of 137?
False
Does 279 divide 309880?
False
Is 294 a factor of 2664228?
True
Is 73 a factor of 1044886?
False
Is 72 a factor of 177822?
False
Does 585 divide 878918?
False
Is 153 a factor of 324665?
False
Does 150 divide 4004438?
False
Is 316331 a multiple of 144?
False
Is 112 a factor of 159152?
True
Is 2361675 a multiple of 25?
True
Is 1287972 a multiple of 252?
True
Is 63 a factor of 3144582?
True
Is 508213 a multiple of 118?
False
Is 286157 a multiple of 79?
False
Does 5 divide 62108?
False
Does 4 divide 483492?
True
Does 8 divide 5760493?
False
Is 270 a factor of 